{"id":163,"date":"2026-04-03T06:56:53","date_gmt":"2026-04-03T06:56:53","guid":{"rendered":"https:\/\/sds-skawina.pl\/?page_id=163"},"modified":"2026-04-10T10:39:56","modified_gmt":"2026-04-10T10:39:56","slug":"nasz-dom","status":"publish","type":"page","link":"https:\/\/sds-skawina.pl\/?page_id=163","title":{"rendered":"Nasz Dom"},"content":{"rendered":"\n<p>Nasz Dom to miejsce, w kt\u00f3rym mo\u017cna by\u0107 sob\u0105.<br>To przestrze\u0144 spotka\u0144, rozm\u00f3w, pracy, odpoczynku i codziennego bycia razem. Tutaj ka\u017cdy ma swoje miejsce \u2014 bez oceniania, bez po\u015bpiechu, z uwa\u017cno\u015bci\u0105 na drugiego cz\u0142owieka.<\/p>\n\n\n\n<h2 class=\"wp-block-heading\">Czym jest nasz Dom<\/h2>\n\n\n\n<p>Dom to nie tylko budynek.<br>To ludzie, relacje i wsp\u00f3lnie sp\u0119dzony czas. W naszym Domu mo\u017cna si\u0119 \u015bmia\u0107, odpocz\u0105\u0107, spr\u00f3bowa\u0107 czego\u015b nowego i wraca\u0107 ka\u017cdego dnia.<br>To miejsce, kt\u00f3re daje poczucie bezpiecze\u0144stwa i przynale\u017cno\u015bci.<\/p>\n\n\n\n<h2 class=\"wp-block-heading\">Codzienno\u015b\u0107<\/h2>\n\n\n\n<p>Ka\u017cdy dzie\u0144 w naszym Domu ma sw\u00f3j rytm.<br>Spotykamy si\u0119, pracujemy w pracowniach, rozmawiamy, uczymy si\u0119 i sp\u0119dzamy czas razem. To codzienno\u015b\u0107, kt\u00f3ra daje stabilno\u015b\u0107, spok\u00f3j i poczucie sensu.<br>&#8211; wsp\u00f3lne posi\u0142ki i rozmowy;<br>&#8211; zaj\u0119cia w pracowniach;<br>&#8211; spotkania i wydarzenia;<br>&#8211; wyj\u015bcia i wycieczki;<br>&#8211; czas na odpoczynek.<\/p>\n\n\n\n<h2 class=\"wp-block-heading\">Relacje i wsp\u00f3lnota<\/h2>\n\n\n\n<p>W naszym Domu wa\u017cne s\u0105 relacje.<br>Budujemy je ka\u017cdego dnia \u2014 poprzez rozmow\u0119, obecno\u015b\u0107 i wsp\u00f3lne do\u015bwiadczenia.<br>To miejsce, w kt\u00f3rym nikt nie jest sam.<\/p>\n\n\n\n<div class=\"wp-block-group is-layout-constrained wp-block-group-is-layout-constrained\">\n<figure class=\"wp-block-gallery has-nested-images columns-default is-cropped wp-block-gallery-1 is-layout-flex wp-block-gallery-is-layout-flex\">\n<figure data-wp-context=\"{&quot;imageId&quot;:&quot;69f583ff47651&quot;}\" data-wp-interactive=\"core\/image\" data-wp-key=\"69f583ff47651\" class=\"wp-block-image size-large wp-lightbox-container\"><img loading=\"lazy\" decoding=\"async\" width=\"1024\" height=\"768\" data-wp-class--hide=\"state.isContentHidden\" data-wp-class--show=\"state.isContentVisible\" data-wp-init=\"callbacks.setButtonStyles\" data-wp-on--click=\"actions.showLightbox\" data-wp-on--load=\"callbacks.setButtonStyles\" data-wp-on-window--resize=\"callbacks.setButtonStyles\" data-id=\"42\" src=\"https:\/\/sds-skawina.pl\/wp-content\/uploads\/2025\/11\/511560570_1151695480318702_771122251800456931_n-1024x768.jpg\" alt=\"\" class=\"wp-image-42\" srcset=\"https:\/\/sds-skawina.pl\/wp-content\/uploads\/2025\/11\/511560570_1151695480318702_771122251800456931_n-1024x768.jpg 1024w, https:\/\/sds-skawina.pl\/wp-content\/uploads\/2025\/11\/511560570_1151695480318702_771122251800456931_n-300x225.jpg 300w, https:\/\/sds-skawina.pl\/wp-content\/uploads\/2025\/11\/511560570_1151695480318702_771122251800456931_n-768x576.jpg 768w, https:\/\/sds-skawina.pl\/wp-content\/uploads\/2025\/11\/511560570_1151695480318702_771122251800456931_n-1536x1152.jpg 1536w, https:\/\/sds-skawina.pl\/wp-content\/uploads\/2025\/11\/511560570_1151695480318702_771122251800456931_n.jpg 2048w\" sizes=\"auto, (max-width: 1024px) 100vw, 1024px\" \/><button\n\t\t\tclass=\"lightbox-trigger\"\n\t\t\ttype=\"button\"\n\t\t\taria-haspopup=\"dialog\"\n\t\t\taria-label=\"Powi\u0119ksz\"\n\t\t\tdata-wp-init=\"callbacks.initTriggerButton\"\n\t\t\tdata-wp-on--click=\"actions.showLightbox\"\n\t\t\tdata-wp-style--right=\"state.imageButtonRight\"\n\t\t\tdata-wp-style--top=\"state.imageButtonTop\"\n\t\t>\n\t\t\t<svg xmlns=\"http:\/\/www.w3.org\/2000\/svg\" width=\"12\" height=\"12\" fill=\"none\" viewBox=\"0 0 12 12\">\n\t\t\t\t<path fill=\"#fff\" d=\"M2 0a2 2 0 0 0-2 2v2h1.5V2a.5.5 0 0 1 .5-.5h2V0H2Zm2 10.5H2a.5.5 0 0 1-.5-.5V8H0v2a2 2 0 0 0 2 2h2v-1.5ZM8 12v-1.5h2a.5.5 0 0 0 .5-.5V8H12v2a2 2 0 0 1-2 2H8Zm2-12a2 2 0 0 1 2 2v2h-1.5V2a.5.5 0 0 0-.5-.5H8V0h2Z\" \/>\n\t\t\t<\/svg>\n\t\t<\/button><\/figure>\n\n\n\n<figure data-wp-context=\"{&quot;imageId&quot;:&quot;69f583ff48186&quot;}\" data-wp-interactive=\"core\/image\" data-wp-key=\"69f583ff48186\" class=\"wp-block-image size-large wp-lightbox-container\"><img loading=\"lazy\" decoding=\"async\" width=\"1024\" height=\"685\" data-wp-class--hide=\"state.isContentHidden\" data-wp-class--show=\"state.isContentVisible\" data-wp-init=\"callbacks.setButtonStyles\" data-wp-on--click=\"actions.showLightbox\" data-wp-on--load=\"callbacks.setButtonStyles\" data-wp-on-window--resize=\"callbacks.setButtonStyles\" data-id=\"52\" src=\"https:\/\/sds-skawina.pl\/wp-content\/uploads\/2025\/11\/Pajacyk-Pierrot-1024x685.jpg\" alt=\"\" class=\"wp-image-52\" srcset=\"https:\/\/sds-skawina.pl\/wp-content\/uploads\/2025\/11\/Pajacyk-Pierrot-1024x685.jpg 1024w, https:\/\/sds-skawina.pl\/wp-content\/uploads\/2025\/11\/Pajacyk-Pierrot-300x201.jpg 300w, https:\/\/sds-skawina.pl\/wp-content\/uploads\/2025\/11\/Pajacyk-Pierrot-768x514.jpg 768w, https:\/\/sds-skawina.pl\/wp-content\/uploads\/2025\/11\/Pajacyk-Pierrot-1536x1028.jpg 1536w, https:\/\/sds-skawina.pl\/wp-content\/uploads\/2025\/11\/Pajacyk-Pierrot-2048x1371.jpg 2048w\" sizes=\"auto, (max-width: 1024px) 100vw, 1024px\" \/><button\n\t\t\tclass=\"lightbox-trigger\"\n\t\t\ttype=\"button\"\n\t\t\taria-haspopup=\"dialog\"\n\t\t\taria-label=\"Powi\u0119ksz\"\n\t\t\tdata-wp-init=\"callbacks.initTriggerButton\"\n\t\t\tdata-wp-on--click=\"actions.showLightbox\"\n\t\t\tdata-wp-style--right=\"state.imageButtonRight\"\n\t\t\tdata-wp-style--top=\"state.imageButtonTop\"\n\t\t>\n\t\t\t<svg xmlns=\"http:\/\/www.w3.org\/2000\/svg\" width=\"12\" height=\"12\" fill=\"none\" viewBox=\"0 0 12 12\">\n\t\t\t\t<path fill=\"#fff\" d=\"M2 0a2 2 0 0 0-2 2v2h1.5V2a.5.5 0 0 1 .5-.5h2V0H2Zm2 10.5H2a.5.5 0 0 1-.5-.5V8H0v2a2 2 0 0 0 2 2h2v-1.5ZM8 12v-1.5h2a.5.5 0 0 0 .5-.5V8H12v2a2 2 0 0 1-2 2H8Zm2-12a2 2 0 0 1 2 2v2h-1.5V2a.5.5 0 0 0-.5-.5H8V0h2Z\" \/>\n\t\t\t<\/svg>\n\t\t<\/button><\/figure>\n\n\n\n<figure data-wp-context=\"{&quot;imageId&quot;:&quot;69f583ff48a92&quot;}\" data-wp-interactive=\"core\/image\" data-wp-key=\"69f583ff48a92\" class=\"wp-block-image size-large wp-lightbox-container\"><img loading=\"lazy\" decoding=\"async\" width=\"1024\" height=\"577\" data-wp-class--hide=\"state.isContentHidden\" data-wp-class--show=\"state.isContentVisible\" data-wp-init=\"callbacks.setButtonStyles\" data-wp-on--click=\"actions.showLightbox\" data-wp-on--load=\"callbacks.setButtonStyles\" data-wp-on-window--resize=\"callbacks.setButtonStyles\" data-id=\"170\" src=\"https:\/\/sds-skawina.pl\/wp-content\/uploads\/2026\/04\/002-1024x577.jpg\" alt=\"\" class=\"wp-image-170\" srcset=\"https:\/\/sds-skawina.pl\/wp-content\/uploads\/2026\/04\/002-1024x577.jpg 1024w, https:\/\/sds-skawina.pl\/wp-content\/uploads\/2026\/04\/002-300x169.jpg 300w, https:\/\/sds-skawina.pl\/wp-content\/uploads\/2026\/04\/002-768x432.jpg 768w, https:\/\/sds-skawina.pl\/wp-content\/uploads\/2026\/04\/002-1536x865.jpg 1536w, https:\/\/sds-skawina.pl\/wp-content\/uploads\/2026\/04\/002.jpg 2048w\" sizes=\"auto, (max-width: 1024px) 100vw, 1024px\" \/><button\n\t\t\tclass=\"lightbox-trigger\"\n\t\t\ttype=\"button\"\n\t\t\taria-haspopup=\"dialog\"\n\t\t\taria-label=\"Powi\u0119ksz\"\n\t\t\tdata-wp-init=\"callbacks.initTriggerButton\"\n\t\t\tdata-wp-on--click=\"actions.showLightbox\"\n\t\t\tdata-wp-style--right=\"state.imageButtonRight\"\n\t\t\tdata-wp-style--top=\"state.imageButtonTop\"\n\t\t>\n\t\t\t<svg xmlns=\"http:\/\/www.w3.org\/2000\/svg\" width=\"12\" height=\"12\" fill=\"none\" viewBox=\"0 0 12 12\">\n\t\t\t\t<path fill=\"#fff\" d=\"M2 0a2 2 0 0 0-2 2v2h1.5V2a.5.5 0 0 1 .5-.5h2V0H2Zm2 10.5H2a.5.5 0 0 1-.5-.5V8H0v2a2 2 0 0 0 2 2h2v-1.5ZM8 12v-1.5h2a.5.5 0 0 0 .5-.5V8H12v2a2 2 0 0 1-2 2H8Zm2-12a2 2 0 0 1 2 2v2h-1.5V2a.5.5 0 0 0-.5-.5H8V0h2Z\" \/>\n\t\t\t<\/svg>\n\t\t<\/button><\/figure>\n\n\n\n<figure data-wp-context=\"{&quot;imageId&quot;:&quot;69f583ff49424&quot;}\" data-wp-interactive=\"core\/image\" data-wp-key=\"69f583ff49424\" class=\"wp-block-image size-large wp-lightbox-container\"><img loading=\"lazy\" decoding=\"async\" width=\"768\" height=\"1024\" data-wp-class--hide=\"state.isContentHidden\" data-wp-class--show=\"state.isContentVisible\" data-wp-init=\"callbacks.setButtonStyles\" data-wp-on--click=\"actions.showLightbox\" data-wp-on--load=\"callbacks.setButtonStyles\" data-wp-on-window--resize=\"callbacks.setButtonStyles\" data-id=\"167\" src=\"https:\/\/sds-skawina.pl\/wp-content\/uploads\/2026\/04\/005-768x1024.jpg\" alt=\"\" class=\"wp-image-167\" srcset=\"https:\/\/sds-skawina.pl\/wp-content\/uploads\/2026\/04\/005-768x1024.jpg 768w, https:\/\/sds-skawina.pl\/wp-content\/uploads\/2026\/04\/005-225x300.jpg 225w, https:\/\/sds-skawina.pl\/wp-content\/uploads\/2026\/04\/005-1152x1536.jpg 1152w, https:\/\/sds-skawina.pl\/wp-content\/uploads\/2026\/04\/005.jpg 1536w\" sizes=\"auto, (max-width: 768px) 100vw, 768px\" \/><button\n\t\t\tclass=\"lightbox-trigger\"\n\t\t\ttype=\"button\"\n\t\t\taria-haspopup=\"dialog\"\n\t\t\taria-label=\"Powi\u0119ksz\"\n\t\t\tdata-wp-init=\"callbacks.initTriggerButton\"\n\t\t\tdata-wp-on--click=\"actions.showLightbox\"\n\t\t\tdata-wp-style--right=\"state.imageButtonRight\"\n\t\t\tdata-wp-style--top=\"state.imageButtonTop\"\n\t\t>\n\t\t\t<svg xmlns=\"http:\/\/www.w3.org\/2000\/svg\" width=\"12\" height=\"12\" fill=\"none\" viewBox=\"0 0 12 12\">\n\t\t\t\t<path fill=\"#fff\" d=\"M2 0a2 2 0 0 0-2 2v2h1.5V2a.5.5 0 0 1 .5-.5h2V0H2Zm2 10.5H2a.5.5 0 0 1-.5-.5V8H0v2a2 2 0 0 0 2 2h2v-1.5ZM8 12v-1.5h2a.5.5 0 0 0 .5-.5V8H12v2a2 2 0 0 1-2 2H8Zm2-12a2 2 0 0 1 2 2v2h-1.5V2a.5.5 0 0 0-.5-.5H8V0h2Z\" \/>\n\t\t\t<\/svg>\n\t\t<\/button><\/figure>\n\n\n\n<figure data-wp-context=\"{&quot;imageId&quot;:&quot;69f583ff49c6f&quot;}\" data-wp-interactive=\"core\/image\" data-wp-key=\"69f583ff49c6f\" class=\"wp-block-image size-large wp-lightbox-container\"><img loading=\"lazy\" decoding=\"async\" width=\"1024\" height=\"1024\" data-wp-class--hide=\"state.isContentHidden\" data-wp-class--show=\"state.isContentVisible\" data-wp-init=\"callbacks.setButtonStyles\" data-wp-on--click=\"actions.showLightbox\" data-wp-on--load=\"callbacks.setButtonStyles\" data-wp-on-window--resize=\"callbacks.setButtonStyles\" data-id=\"373\" src=\"https:\/\/sds-skawina.pl\/wp-content\/uploads\/2026\/04\/504208665_1135870398567877_4065932889039016432_n-1024x1024.jpg\" alt=\"\" class=\"wp-image-373\" srcset=\"https:\/\/sds-skawina.pl\/wp-content\/uploads\/2026\/04\/504208665_1135870398567877_4065932889039016432_n-1024x1024.jpg 1024w, https:\/\/sds-skawina.pl\/wp-content\/uploads\/2026\/04\/504208665_1135870398567877_4065932889039016432_n-300x300.jpg 300w, https:\/\/sds-skawina.pl\/wp-content\/uploads\/2026\/04\/504208665_1135870398567877_4065932889039016432_n-150x150.jpg 150w, https:\/\/sds-skawina.pl\/wp-content\/uploads\/2026\/04\/504208665_1135870398567877_4065932889039016432_n-768x768.jpg 768w, https:\/\/sds-skawina.pl\/wp-content\/uploads\/2026\/04\/504208665_1135870398567877_4065932889039016432_n-600x600.jpg 600w, https:\/\/sds-skawina.pl\/wp-content\/uploads\/2026\/04\/504208665_1135870398567877_4065932889039016432_n.jpg 1440w\" sizes=\"auto, (max-width: 1024px) 100vw, 1024px\" \/><button\n\t\t\tclass=\"lightbox-trigger\"\n\t\t\ttype=\"button\"\n\t\t\taria-haspopup=\"dialog\"\n\t\t\taria-label=\"Powi\u0119ksz\"\n\t\t\tdata-wp-init=\"callbacks.initTriggerButton\"\n\t\t\tdata-wp-on--click=\"actions.showLightbox\"\n\t\t\tdata-wp-style--right=\"state.imageButtonRight\"\n\t\t\tdata-wp-style--top=\"state.imageButtonTop\"\n\t\t>\n\t\t\t<svg xmlns=\"http:\/\/www.w3.org\/2000\/svg\" width=\"12\" height=\"12\" fill=\"none\" viewBox=\"0 0 12 12\">\n\t\t\t\t<path fill=\"#fff\" d=\"M2 0a2 2 0 0 0-2 2v2h1.5V2a.5.5 0 0 1 .5-.5h2V0H2Zm2 10.5H2a.5.5 0 0 1-.5-.5V8H0v2a2 2 0 0 0 2 2h2v-1.5ZM8 12v-1.5h2a.5.5 0 0 0 .5-.5V8H12v2a2 2 0 0 1-2 2H8Zm2-12a2 2 0 0 1 2 2v2h-1.5V2a.5.5 0 0 0-.5-.5H8V0h2Z\" \/>\n\t\t\t<\/svg>\n\t\t<\/button><\/figure>\n\n\n\n<figure data-wp-context=\"{&quot;imageId&quot;:&quot;69f583ff4a507&quot;}\" data-wp-interactive=\"core\/image\" data-wp-key=\"69f583ff4a507\" class=\"wp-block-image size-large wp-lightbox-container\"><img loading=\"lazy\" decoding=\"async\" width=\"1024\" height=\"768\" data-wp-class--hide=\"state.isContentHidden\" data-wp-class--show=\"state.isContentVisible\" data-wp-init=\"callbacks.setButtonStyles\" data-wp-on--click=\"actions.showLightbox\" data-wp-on--load=\"callbacks.setButtonStyles\" data-wp-on-window--resize=\"callbacks.setButtonStyles\" data-id=\"206\" src=\"https:\/\/sds-skawina.pl\/wp-content\/uploads\/2026\/04\/542756337_1209700357851547_4329515241510851740_n-1024x768.jpg\" alt=\"\" class=\"wp-image-206\" srcset=\"https:\/\/sds-skawina.pl\/wp-content\/uploads\/2026\/04\/542756337_1209700357851547_4329515241510851740_n-1024x768.jpg 1024w, https:\/\/sds-skawina.pl\/wp-content\/uploads\/2026\/04\/542756337_1209700357851547_4329515241510851740_n-300x225.jpg 300w, https:\/\/sds-skawina.pl\/wp-content\/uploads\/2026\/04\/542756337_1209700357851547_4329515241510851740_n-768x576.jpg 768w, https:\/\/sds-skawina.pl\/wp-content\/uploads\/2026\/04\/542756337_1209700357851547_4329515241510851740_n-1536x1152.jpg 1536w, https:\/\/sds-skawina.pl\/wp-content\/uploads\/2026\/04\/542756337_1209700357851547_4329515241510851740_n.jpg 2048w\" sizes=\"auto, (max-width: 1024px) 100vw, 1024px\" \/><button\n\t\t\tclass=\"lightbox-trigger\"\n\t\t\ttype=\"button\"\n\t\t\taria-haspopup=\"dialog\"\n\t\t\taria-label=\"Powi\u0119ksz\"\n\t\t\tdata-wp-init=\"callbacks.initTriggerButton\"\n\t\t\tdata-wp-on--click=\"actions.showLightbox\"\n\t\t\tdata-wp-style--right=\"state.imageButtonRight\"\n\t\t\tdata-wp-style--top=\"state.imageButtonTop\"\n\t\t>\n\t\t\t<svg xmlns=\"http:\/\/www.w3.org\/2000\/svg\" width=\"12\" height=\"12\" fill=\"none\" viewBox=\"0 0 12 12\">\n\t\t\t\t<path fill=\"#fff\" d=\"M2 0a2 2 0 0 0-2 2v2h1.5V2a.5.5 0 0 1 .5-.5h2V0H2Zm2 10.5H2a.5.5 0 0 1-.5-.5V8H0v2a2 2 0 0 0 2 2h2v-1.5ZM8 12v-1.5h2a.5.5 0 0 0 .5-.5V8H12v2a2 2 0 0 1-2 2H8Zm2-12a2 2 0 0 1 2 2v2h-1.5V2a.5.5 0 0 0-.5-.5H8V0h2Z\" \/>\n\t\t\t<\/svg>\n\t\t<\/button><\/figure>\n<\/figure>\n<\/div>\n\n\n\n<h2 class=\"wp-block-heading\">Zapraszamy<\/h2>\n\n\n\n<p>Nasz Dom jest otwarty.<br>Je\u015bli chcesz nas pozna\u0107 \u2014 zapraszamy.<br>Mo\u017cesz przyj\u015b\u0107, zobaczy\u0107, porozmawia\u0107.<br>Bez zobowi\u0105za\u0144.<\/p>\n","protected":false},"excerpt":{"rendered":"<p>Nasz Dom to miejsce, w kt\u00f3rym mo\u017cna by\u0107 sob\u0105.To przestrze\u0144 spotka\u0144, rozm\u00f3w, pracy, odpoczynku i codziennego bycia razem. Tutaj ka\u017cdy [&hellip;]<\/p>\n","protected":false},"author":1,"featured_media":0,"parent":0,"menu_order":0,"comment_status":"closed","ping_status":"closed","template":"","meta":{"_monsterinsights_skip_tracking":false,"_monsterinsights_sitenote_active":false,"_monsterinsights_sitenote_note":"","_monsterinsights_sitenote_category":0,"site-sidebar-layout":"default","site-content-layout":"","ast-site-content-layout":"default","site-content-style":"default","site-sidebar-style":"default","ast-global-header-display":"","ast-banner-title-visibility":"","ast-main-header-display":"","ast-hfb-above-header-display":"","ast-hfb-below-header-display":"","ast-hfb-mobile-header-display":"","site-post-title":"disabled","ast-breadcrumbs-content":"","ast-featured-img":"","footer-sml-layout":"","ast-disable-related-posts":"","theme-transparent-header-meta":"","adv-header-id-meta":"","stick-header-meta":"","header-above-stick-meta":"","header-main-stick-meta":"","header-below-stick-meta":"","astra-migrate-meta-layouts":"default","ast-page-background-enabled":"default","ast-page-background-meta":{"desktop":{"background-color":"var(--ast-global-color-5)","background-image":"","background-repeat":"repeat","background-position":"center center","background-size":"auto","background-attachment":"scroll","background-type":"","background-media":"","overlay-type":"","overlay-color":"","overlay-opacity":"","overlay-gradient":""},"tablet":{"background-color":"","background-image":"","background-repeat":"repeat","background-position":"center center","background-size":"auto","background-attachment":"scroll","background-type":"","background-media":"","overlay-type":"","overlay-color":"","overlay-opacity":"","overlay-gradient":""},"mobile":{"background-color":"","background-image":"","background-repeat":"repeat","background-position":"center center","background-size":"auto","background-attachment":"scroll","background-type":"","background-media":"","overlay-type":"","overlay-color":"","overlay-opacity":"","overlay-gradient":""}},"ast-content-background-meta":{"desktop":{"background-color":"var(--ast-global-color-4)","background-image":"","background-repeat":"repeat","background-position":"center center","background-size":"auto","background-attachment":"scroll","background-type":"","background-media":"","overlay-type":"","overlay-color":"","overlay-opacity":"","overlay-gradient":""},"tablet":{"background-color":"var(--ast-global-color-4)","background-image":"","background-repeat":"repeat","background-position":"center center","background-size":"auto","background-attachment":"scroll","background-type":"","background-media":"","overlay-type":"","overlay-color":"","overlay-opacity":"","overlay-gradient":""},"mobile":{"background-color":"var(--ast-global-color-4)","background-image":"","background-repeat":"repeat","background-position":"center center","background-size":"auto","background-attachment":"scroll","background-type":"","background-media":"","overlay-type":"","overlay-color":"","overlay-opacity":"","overlay-gradient":""}},"footnotes":""},"class_list":["post-163","page","type-page","status-publish","hentry"],"_links":{"self":[{"href":"https:\/\/sds-skawina.pl\/index.php?rest_route=\/wp\/v2\/pages\/163","targetHints":{"allow":["GET"]}}],"collection":[{"href":"https:\/\/sds-skawina.pl\/index.php?rest_route=\/wp\/v2\/pages"}],"about":[{"href":"https:\/\/sds-skawina.pl\/index.php?rest_route=\/wp\/v2\/types\/page"}],"author":[{"embeddable":true,"href":"https:\/\/sds-skawina.pl\/index.php?rest_route=\/wp\/v2\/users\/1"}],"replies":[{"embeddable":true,"href":"https:\/\/sds-skawina.pl\/index.php?rest_route=%2Fwp%2Fv2%2Fcomments&post=163"}],"version-history":[{"count":6,"href":"https:\/\/sds-skawina.pl\/index.php?rest_route=\/wp\/v2\/pages\/163\/revisions"}],"predecessor-version":[{"id":401,"href":"https:\/\/sds-skawina.pl\/index.php?rest_route=\/wp\/v2\/pages\/163\/revisions\/401"}],"wp:attachment":[{"href":"https:\/\/sds-skawina.pl\/index.php?rest_route=%2Fwp%2Fv2%2Fmedia&parent=163"}],"curies":[{"name":"wp","href":"https:\/\/api.w.org\/{rel}","templated":true}]}}